 - (-10 - 11 - 4)).
-68
Evaluate 5 + 27 + (73 - 62) + 2 + 3 + -11.
37
Calculate 331 + -340 - (3 + (6 + -5 - 7 - -14)).
-20
Evaluate 5 - (97 + -1 + -5 + (20 - 21) + 5).
-90
What is the value of (1 - (4 + -3)) + -50 - (-110 + 101)?
-41
What is (-47 - -88) + -70 - 42?
-71
What is the value of 2 + (2 - (-24 + (-5 - -6 - -10)))?
17
Evaluate 34 - (53 + -35 + -5 + 12).
9
Evaluate (-16 - 2) + (-25 - (-146 + 167)).
-64
What is the value of (6 - ((3 - -1) + -5)) + 2 + -13?
-4
What is 140 - (-10 - ((-54 - -17) + 5)) - -7?
125
Calculate 5 - ((-2 + -25 - (-76 - -86)) + -2).
44
Evaluate (-6 - (-3 + 6) - -16) + 64 + -10.
61
Calculate -43 - ((215 - 188) + (-35 - -4)).
-39
Evaluate (4 + 2 - 33) + -1898 + 1959.
34
6 + -19 + 4 - (12 + -1 - (-43 + 81))
18
Calculate -12 + (-1 - -49) + -104 + 71.
3
Evaluate -47 + -29 + (15 - 20) + 27 + -9.
-63
What is -29 + -2 + (31 - 43) + 127?
84
Evaluate -14 + (-205 - -145 - (4 - 22)).
-56
(-2 - -3 - -34) + (-1168 - -1163)
30
What is -15 + 32 + -15 + (-124 - (-10 + 17))?
-129
What is the value of -4 + 6 + -6 - ((9 - -51) + 18 + -3)?
-79
Evaluate (43 - 43) + 5 - (1 + -2 + 4) - 72.
-70
What is (-24 - 2) + (-218 - -271)?
27
Evaluate -16 + (-29 - 2) - -24 - -25.
2
What is the value of 3 + 56 + -38 + -5 - (1 + 3)?
12
What is (-13 - (24 - 23)) + -44 + -32?
-90
Evaluate -1178 + 1248 + (1 - 66).
5
Calculate (30 - 7) + -34 - (-1 - 2 - 7).
-1
What is the value of (-13 - -115) + 59 - 70?
91
What is the value of -2605 + 2568 - (0 + -32)?
-5
(3 + 183 - 35) + -85
66
Calculate -13 + -21 + -23 + (8 - (-4 + 23)).
-68
Evaluate 21 + -1 - (902 - 829).
-53
1 + (-18 - -15) + (3 - (6 + -11)) + -13
-7
Evaluate 6 + (2 - 4) + -58 + -33 + 46.
-41
46 + -36 + (11 - -10) - -60
91
-4 + -60 + 54 + 44
34
Evaluate -30 - ((7 + -17 - (4 + -13)) + (-3 - -1)).
-27
Evaluate 8 - (9 - 2) - -18 - -36.
55
What is -3 + -3 + 52 + (-4 + -3 - -7)?
46
What is -65 - -115 - 157 - -133?
26
What is 105 + -5 + (2 + 12 - (-102 - -97) - 14)?
105
What is the value of 3 + (-26 - -13 - (2 + -12) - (2 - 50))?
48
Calculate (4 - 12) + (-607 - -558).
-57
What is the value of 60 - ((-2 - -1) + -4 + 8) - (3295 - 3301)?
63
Evaluate 12 + 1 + 8 + 0 + (-20 - -10) + 5.
16
-50 + 210 + (86 - 241)
5
Evaluate (6 - (6 + 35)) + (3 - (8 - -11)).
-51
What is (-8 - -36 - 18) + (7 - (1 - (3 + 1)))?
20
Calculate 27 + (4 - -1) - (-18 - (35 + -71)).
14
What is the value of -61 - (-73 + -53 + 68)?
-3
-79 + -1 - ((-316 - -337) + -1 + -22)
-78
What is -4 + (16 - 33) + (-81 - 24)?
-126
Calculate (-11 - (0 + 2)) + (452 - (67 - -313)).
59
Calculate (136 + -82 - 81) + 7.
-20
Calculate 6 + -57 + 33 + 23.
5
Evaluate 105 - (-10 + 2 - -13) - (-14 + 10 + -9).
113
What is the value of (13 + -31 + 16 - 33) + -9?
-44
What is the value of -7 + (-5 - 0) + (223 - 245) + 3?
-31
Calculate -35 - (-20 + (13 - -8) + 20).
-56
What is 0 - (17 - (11 - 2)) - (-40 + 51)?
-19
Evaluate 455 + -479 + 34 + -3 - 64.
-57
What is -22373 - -22347 - (-1 + 3 + -1 + 1 + 0)?
-28
Calculate 140 - 66 - -48 - (-7 - (2 - 1)).
130
Evaluate -111 - -20 - (-245 + 244).
-90
Evaluate -4 + 0 + (17 - 21) + (-19 - (-80 + 22)).
31
Evaluate -104 + 144 + -52 + 24.
12
What is the value of -31 - (-125 + 4 + 212)?
-122
Calculate 31 + -3 + 4 + (-1933 - -1974).
73
-339 - -332 - ((1 - 5) + 10)
-13
What is the value of (0 - (1 + 5)) + -17 + (24 - 3)?
-2
Calculate 5 - 0 - ((-16 - 1) + (7 - (-32 - -29))).
12
What is (-2 - -53) + -97 + 107?
61
What is the value of (12 - (23 + -28 + 11)) + (-5 - -5 - -93)?
99
What is the value of -54 + -17 + (523 - 585)?
-133
What is the value of 52 - 4 - (-17 + 6 - -7 - (1 + -1))?
52
Evaluate -13 - (-25 - -42) - 23.
-53
Calculate -39 + (-10 - 4) + 4 + 26.
-23
Calculate (-4 - (-13 + 25 + -5 - (-1 - -12))) + -39.
-39
-29 + (48 - (-111 - -23)) - 36
71
What is (-260 + 100 - -90) + -36?
-106
What is -53 - (-46 - (16 - 13))?
-4
What is the value of 13 - (0 + -2 + (5 - 14) - (36 + 19))?
79
Calculate -7 - ((80 - 40 - 81) + 35).
-1
12 + (26 - 39) + (26 - 1)
24
What is the value of (7 + -13 - (28 + -39)) + 5 - -18?
28
-677 + 641 + (9 - -1) - -36
10
44 - (25 + -21 + 35)
5
Evaluate 1 - 2 - (-16 - 98 - -106).
7
Evaluate -43 + 4 - (104 - (35 + 29)).
-79
What is the value of (48 + 2 - 38) + (-2 - 10)?
0
Calculate -10 - -7 - (12 - (-16 + -12)) - 9.
-52
Calculate -24 + 0 + 2790 + -2726.
40
What is -42 - (-146 - -15) - (2 + (-7 - (-3 + 5)))?
96
82 - ((-90 - -50) + 89)
33
17 - (27 + (35 - 75) + 36)
-6
Calculate 52 - (34 + (4 - 12) - 19).
45
What is -26 + -1 + (3 - 2) + -27 + 14?
-39
What is 4 + -105 + 13 - -227?
139
What is 8 + 104 - (1 + 11 + -13 + -4 + -5)?
122
Evaluate 7 + -3 + -55 + -1 - (10 + -31 + 22).
-53
Calculate 718 + -716 - (-1 - 3) - (0 - 13).
19
-12 + 25 - -18 - (-171 + 168)
34
What is -6 + 45 - 37 - (25 + -1)?
-22
(70 - (-6 - -143)) + 68
1
-44 + -124 + 194 - (2 + 156)
-132
Evaluate (-74 - 1) + (3348 - 3160).
113
(0 + (-16 - -8) - 4) + -3 + (7 - 0)
-8
Evaluate 195 - 175 - (25 + -1).
-4
-473 - -138 - -227 - (-28 + -1)
-79
Evaluate (1 + -45 - (1279 - 1311)) + -3 + (-28 - 0).
-43
Evaluate 11 + (-13 - (-1 + -6 + -7)) - 47.
-35
What is the value of 12 + -1 + ((-37 - -62) + 41 - 180)?
-103
What is 95 - (-150 + 187) - (-1 + (-1 - 0))?
60
(-12 - (25 + -119) - 23) + 37
96
Evaluate -13 - (-8 - -4) - (-18 + -19) - -7.
35
Calculate 247 - 292 - (-39 + -2).
-4
14 + (1207 - 1134) + (0 - -2)
89
What is the value of 16 - (-2 + -24 - (-81 + 102))?
63
Evaluate (3 - (109 + 2)) + 0 + -3 - (-818 + 808).
-101
What is 10 - ((168 - 200) + -4 + -88)?
134
Calculate -12 - (-10 - (52 + -24)).
26
What is the value of 9 + (59 - (21 + 38))?
9
What is -21 - (102 - (-83 - -170))?
-36
Calculate -37 + 44 - (-1 + -5 + 6 - (-54 + 9)).
-38
Evaluate 143 + (42555 - 42548 - ((20 - -1) + 0 + -2)).
131
What is (-1 - -14 - (5 + -3)) + (109 - 154) + 57?
23
Evaluate (-74 - (-106 + 60)) + 94.
66
Calculate 38 - -8 - (3 + -3) - (0 - 1).
47
What is the value of -9 - (-11 - 5) - (-10 - (-4 + 6))?
19
What is -2 + -42 + (139 - 127) + 10?
-22
Calculate (17 - (-5 - 2)) + (7 + 0 - 3).
28
21 - -4 - 17 - -14 - -5
27
Evaluate 1628 - 1671 - (-20 + 1).
-24
What is (-347 - -378) + 6 + -1?
36
Evaluate -51 - (-10 + (-5 - -37) + -20).
-53
Calculate -30 + -22 + -44 + 139.
43
Evaluate (-9 - (-12 - -14)) + (-28 - -4).
-35
What is the value of 65 + 29 - 124 - -74?
44
What is -25 + -29 + 52 + -1 + 3 - -5?
5
Calculate (-31 + -33 - -67) + -56.
-53
Calculate -53 + (90 - 65) + -49.
-77
Evaluate 0 - -62 - (1236 + -1193).
19
26 + 8 + -59 + 7
-18
What is (-40 - -54) + -8 + ((4 - 0) + 70 - 1)?
79
What is -2 + (-21 - -58) + -12 + -134 + 20?
-91
Evaluate 66 + 0 - (16 - (-10 + 35 - 22)).
53
(-7 - -3) + 8 + (10 - (9 - -38))
-33
Calculate (15 - 3) + (-3 - -6) + (-103 - -47) + 66.
25
Calculate (3 - (-3 + 2)) + (-22 - (10 + -16 + -25)).
13
What is 19 + (-35 - -55) + (-11 - (-5 - (1 - 6)))?
28
Evaluate -38 + (10 - 8) + 89 - -23.
76
What is 13 - (52 - (6 + 37))?
4
What is the value of (45 - -7) + 15 + -13 + -11 + 1 + 1?
45
Evaluate -13 + -2 - (41 - -82 - 36).
-102
Calculate (-48 + -32 - -33) + -3.
-50
What is the value of (6 - (-12 + -2 + 7 + 12)) + 58?
59
-13 + (18 - -1) - (-11 - -13 - (2 + -1))
5
Evaluate 2 + 11 + 0 - (85 + -149 + 61).
16
Calculate (0 - -5) + 44 + -2 - (336 - 320).
31
21 + -25 + (-14 - -39) + -12 + 55
64
Evaluate (-94 + -56 - -79) + 94.
23
What is -636 - -644 - (1 + -2 - 8)?
17
Calculate 46 + -135 - (0 - (5 + -12) - (22 + -20)).
-94
What is the value of 18 + (8 - (-29 + 20))?
35
Calculate 2 + 27 - 15 - 18 - (-5 + (8 - -58)).
-65
What is the value of -83 - 6 - (43 + -41 + -22)?
-69
65 + (94 - 105) + (9 - -2) + 1 + -16
50
Evaluate -1 + 15 - (-50 - (-67 - 1)).
-4
Calculate 1 + -13 + (12 - -9 - 21) - -138.
126
-1666 - -1748 - (0 - -107)
-25
What is the value of (-1 - (-6 - (-7 + 10))) + 62 + 44?
114
Calculate -64 + 123 + -196 - -50.
-87
Evaluate (73 - (6 + -38)) + -87.
18
Evaluate 3 + -6 + 17 + -39.
-25
What is the value of 23 + (11 - (45 + 24))?
-35
Calculate 4 + 47 + -39 + -12.
0
Calculate 82 - 92 - (28 + (8 - 15)).
-31
(13 - 19 - (-9 + 2) - -2 - -9) + -16
-4
Evaluate -138 + 145 - (-7 + 11 + -1).
4
Evaluate -45 - (-100 + (-13 + 13 - -25)).
30
What is -74 + 104 - (-11 + 41)?
0
(-3 - -5) + -7 - -6 - -22 - 106
-83
(-83 - (-52 - 82)) + 1 + (4 - 3) + 2
55
Evaluate 4 + (-4 - -15) + -70 + (-15 - -12).
-58
What is the va